s(-6)?
8
Let m be (-3)/2*(-2 + -2). Suppose 4*l - m = 14. What is the units digit of l?
5
Let c = -2 - -5. Suppose c*l + 9 = -3*d + d, -17 = -4*d + l. What is the units digit of d?
3
What is the units digit of 69/4 - (-14)/(-56)?
7
What is the units digit of (14/5)/(3/15)?
4
Suppose -36 = -2*y - 5*a, y - 2*a + 15 = 42. What is the tens digit of y?
2
What is the units digit of 2/(-10) + 0 - 603/(-15)?
0
Suppose -3*w - 10 = -7*w - 5*f, 3*w + 3*f = 9. Let r = w + -5. Suppose r = -3*x + 42. What is the tens digit of x?
1
Suppose 0*q - 5*q = -3*b - 13, 2*b + 3*q + 15 = 0. Let s = 3 - b. Suppose -4*j + 53 - s = 0. What is the tens digit of j?
1
Let f(a) be the second derivative of -a**6/360 + 3*a**5/40 - 5*a**4/12 + a**3/6 - a. Let m(r) be the second derivative of f(r). What is the units digit of m(7)?
4
Let s(z) = 7*z + 1. Suppose 0*n + 2*n - 4 = 0. What is the tens digit of s(n)?
1
Suppose -3*a = 2*c - 0*c, 3*c = -4*a. Let l be 6*((-1)/2 + 2). What is the tens digit of l + 1 + c/1?
1
Let z(x) = x**2 - 5*x + 8. Let d(h) = h**3 + 5*h**2 - 7*h - 5. Let m be d(-6). Suppose 0 = -q - 2*f + m, -q + 29 = q - 5*f. What is the tens digit of z(q)?
2
What is the tens digit of 6 + 48 - (3 + -7)?
5
Let o be 51/((-3)/3 - -2). Let j = -1 + 1. Suppose -3*i = -j*i - o. What is the tens digit of i?
1
Suppose -91*g + 324 = -87*g. What is the tens digit of g?
8
Suppose 463*s = 462*s + 189. What is the units digit of s?
9
Suppose 2*o = 31 + 23. What is the tens digit of o?
2
Suppose 4624 = -3*p + 20*p. What is the units digit of p?
2
Suppose 1802 + 2800 = 13*i. What is the tens digit of i?
5
Suppose -173 = 5*a - 23. What is the units digit of 50/3*a/(-25)?
0
Let q(g) = -7*g + 7. Let t be q(-4). Suppose -16 = -3*z + t. What is the tens digit of z?
1
Suppose 3*g - 4 = -g. Let d(i) = 4*i. What is the units digit of d(g)?
4
Suppose -r - 2*r = -45. Let o = -8 + r. What is the units digit of o?
7
Let x = 257 - 160. What is the units digit of x?
7
Let p(b) be the first derivative of 1/2*b**2 + b + 2. What is the units digit of p(5)?
6
Let p = -145 + 275. What is the units digit of p?
0
Suppose 0 = 7*d - d - 42. What is the units digit of d?
7
Let z(y) = -14*y - 3. What is the tens digit of z(-4)?
5
What is the tens digit of (-18)/8*(-88)/(-2 + 3)?
9
Let k = 13 - 9. Suppose 5*o + 60 + 57 = 4*u, -u + k*o = -21. What is the units digit of u?
3
Let j(h) = -h + 7. Let k be j(-5). Suppose 0 = 2*y - 4, 0*s + s + y - k = 0. What is the tens digit of s?
1
Let d(w) = 2*w**2 + 7*w - 3. Let q be d(-7). Let j = q - 16. What is the units digit of j?
0
Suppose 4 = -3*i + 10. Suppose -6 + 70 = i*w. Suppose 4*k = 4*a - w - 12, 0 = -4*k. What is the units digit of a?
1
Suppose d + 3*d = 0. Suppose d*z - 5*z = -165. What is the tens digit of z?
3
What is the hundreds digit of -3 - (-255 - (5 - 6))?
2
Suppose 0 = 4*h - 268 - 556. What is the tens digit of h?
0
What is the hundreds digit of -4*((-6)/(-15))/(40/(-5375))?
2
Let n(q) = -q**2 + 4. Let i be n(0). Suppose 0*t + 4*c = -t + 12, 0 = -t + i*c + 4. What is the units digit of t?
8
Suppose 7*d + 201 = 10*d. What is the units digit of d?
7
Let c = 0 + 22. Suppose c + 10 = 4*j. What is the units digit of j?
8
Suppose 0 = 5*k - 2*k - 12. Let u = 20 - 3. Let d = u - k. What is the tens digit of d?
1
Let i(c) = c**2 - 12*c - 11. Let o(w) = 2*w**2 - 4*w - 2. Let z be o(4). Suppose 3*t = -3*b + 54, -t + 5*b + z = 2*t. What is the units digit of i(t)?
2
Let n(i) = i**2 - 2*i + 7. What is the tens digit of n(7)?
4
Suppose 0 = -2*i - 3*i + 165. What is the tens digit of i?
3
Suppose h + 11 = -4*h - 4*w, 0 = 3*h - 5*w + 14. Let m(u) = 2*u**2 + 3*u - 4. What is the units digit of m(h)?
5
Suppose 2*y + 8 + 10 = 0. Let g(c) be the second derivative of -c**4/12 - 3*c**3/2 + 9*c**2/2 + c. What is the units digit of g(y)?
9
Let g(t) be the first derivative of t**3/3 - 3*t**2/2 + 4*t + 3. What is the units digit of g(-3)?
2
Suppose -15 = -g + 6*g. Let w(r) = r**2 + 3*r + 4. Let l be w(g). Suppose k = 7 + l. What is the units digit of k?
1
Suppose 855 = c + 4*c. Suppose 0 = 4*h - c - 21. What is the units digit of (-2)/6 - h/(-9)?
5
What is the hundreds digit of (-8 - (-104)/16)/(3/(-232))?
1
Let y = -132 + 186. What is the tens digit of y?
5
What is the units digit of 3*1 + -8 + 71?
6
Let q = -139 + 230. Suppose 5*g = 4*j + q, 2*j - 21 = -g - 0*g. What is the tens digit of g?
1
Let d = -10 - -10. Suppose 4*c - 23 = 3*b, d = -c - 3*b + 4*b + 6. What is the units digit of c?
5
Let o(j) = -2 + 5 - 10*j + 11*j. Let k be o(-6). What is the units digit of 1/(-2)*(k - 35)?
9
Let j(u) = -7*u + 27 - 4*u - u**2 + 20 - 27. What is the tens digit of j(-11)?
2
Suppose -252 = -3*l - 4*d, -5*l = d - 523 + 120. Suppose 2*x + l = 6*x. What is the tens digit of x?
2
Let f be 7 + (2 - 0) + 0. Let d = f - 5. Suppose 3*q + 34 = d*m, -42 = -5*m - 0*q + 4*q. What is the units digit of m?
0
Suppose -5*p = 5*i + 280, -2*p + 3*p = 3*i + 160. What is the tens digit of ((-5)/(-2) + -3)*i?
2
Let x = 194 + -10. What is the hundreds digit of x?
1
Let a(t) = t**3 - 5*t**2 + 6*t. Let x be -1 + 5 + 3 + -3. What is the units digit of a(x)?
8
What is the units digit of (2/(-6) - 20/30) + 271?
0
Let p be -2 - (-2 + -21) - -2. Suppose -3*k + 17 = -2*s, 0*k + 5*s = k - p. Suppose 30 = k*t + 2*t. What is the units digit of t?
6
Let n(j) = -j**2 - j + 47. Let x be n(0). Suppose -3*g = 2*d - x, 3*g - 5*d - 58 = 3. What is the units digit of g?
7
Suppose 81 = 3*a + 5*t, -2*a = 3*a - 4*t - 98. Let w = a + -2. What is the units digit of w?
0
Let d(c) = 35*c**2 - 11*c + 17. What is the units digit of d(3)?
9
Let a(d) = 2*d**3 - 2*d**2 - 7*d - 2. Let s(f) = 2*f**3 - 2*f**2 - 6*f - 1. Let n(j) = -4*a(j) + 5*s(j). Let q = 2 - 0. What is the units digit of n(q)?
7
What is the tens digit of (-7)/((1 - 2)/(0 + 2))?
1
Let p = -48 - -93. What is the units digit of p?
5
Let l(g) be the first derivative of g**6/360 + g**5/120 - g**4/12 - g**3 - 2. Let n(m) be the third derivative of l(m). What is the tens digit of n(-4)?
1
What is the hundreds digit of (11/(-2))/(20/(-680))?
1
Let w(v) = 2*v**2 + 1. Let j be w(-1). Let t = j + 3. Suppose -t*c + 10 = -4*c. What is the units digit of c?
5
Let j = 12 + 12. What is the tens digit of j?
2
Let d = 2 - 4. Let k = 5 - -2. Let t = k + d. What is the units digit of t?
5
Suppose -4*y = -4*q - 12, 2*q - 5*y + 0 + 3 = 0. What is the units digit of (10/(-6))/(q/12)?
5
What is the units digit of (42/(-8))/((-33)/176)?
8
Suppose 2*p - 3*t - 227 = 0, 5*p - 677 = -3*t - 99. What is the units digit of p?
5
Let n(w) = 3*w + 3*w + 2*w**2 - w**2 - 1 + 6. What is the units digit of n(-6)?
5
Suppose q - 4 = -2*l - 0, q = 2*l - 4. Suppose 4 = r - 0*r. Suppose -n + 2*n - r = q. What is the units digit of n?
4
Suppose -2*n = v - 4*n - 51, -v + 5*n = -60. Suppose 5*j + 0*r - 2*r = 69, 5*r - v = -2*j. What is the units digit of j?
5
Let l = 14 + -24. What is the tens digit of 110/25*l/(-4)?
1
Let u(t) be the first derivative of t**4/4 + 2*t**3 + 5*t**2/2 + 2*t - 2. Let x be u(-5). Suppose g - 5*o - 6 = 16, -g = o + x. What is the units digit of g?
2
Let n be 2*(-3)/2 - -3. What is the units digit of 4 + n - (-2 + 4)?
2
Let b(l) = 2*l - 4. Let q be b(3). Suppose -3*r - q*f = -0*f + 3, -2*r = -3*f - 11. What is the units digit of r?
1
Let p(x) = -x + 2. Let z be p(5). What is the units digit of z*4/(-6) + 23?
5
Suppose 3*x + 2*w - 6*w + 91 = 0, -4*w + 33 = -x. Let i(o) = -o**3 + 7*o**2 - 9*o + 3. Let v be i(6). Let m = v - x. What is the tens digit of m?
1
Suppose 0 = 4*v - 12 - 8. Let k = v + -7. What is the units digit of 1/k - (-17)/2?
8
Let o(z) = -7*z - 8. Let t(y) = y**2 + 12*y + 7. Let r be t(-11). What is the tens digit of o(r)?
2
What is the units digit of (-6)/15 + 288/20?
4
Suppose -5*p = 3*y - 165, -3*p + 5*y + 169 = p. Let v = -12 + p. What is the units digit of v?
4
Let f(o) = 0*o**3 + o**3 - 8 + 2*o**2 - 10*o + 3*o**2. Let z be f(-6). Let k = z + -10. What is the units digit of k?
6
Let u(z) = -z**3 - z**2 + 4*z. Let b be u(-3). Let i = 2 - b. Let r = i - -10. What is the units digit of r?
6
Suppose 4*g = -2*y - 12 + 76, 113 = 4*y + 3*g. What is the tens digit of y?
2
Suppose 0 = -4*q - 2*d - 2, -4*q - 4*d - d - 5 = 0. Suppose q*w + 5*x - 26 = -4*w, 2*w = 4*x. What is the uni